{"id":8625,"date":"2024-02-04T22:07:09","date_gmt":"2024-02-05T01:07:09","guid":{"rendered":"https:\/\/cortinados.com.ar\/?post_type=product&#038;p=8625"},"modified":"2025-10-16T15:39:14","modified_gmt":"2025-10-16T18:39:14","slug":"tusor-pesado","status":"publish","type":"product","link":"https:\/\/cortinados.com.ar\/index.php\/product\/tusor-pesado\/","title":{"rendered":"TUSOR PESADO"},"content":{"rendered":"<p>Nuestro Tusor pesado es 90% algod\u00f3n. A la vista presenta unas arrugas naturales y precisamente ese es su encanto, la apariencia r\u00fastica que posee. Pod\u00e9s encontrar opciones de tusor liso o rayado, una de las tendencias es la combinaci\u00f3n de estos dos dise\u00f1os. Tiene una ca\u00edda elegante y de l\u00edneas simples, lo cual le permite amoldarse a diversos estilos. Por su trama cerrada es muy vers\u00e1til y se puede usar tanto para cortinados, acolchados, cubre-edredones, almohadones, fundas de sillones \u00f3 sillas, manteles, servilletas, y mucho m\u00e1s<\/p>\n","protected":false},"excerpt":{"rendered":"<p>Piezas de: 30 mts.<br \/>\nAncho: 2,90 mts.<br \/>\nPeso: 180 \u00b1 10 g\/m\u00b2<br \/>\nComposici\u00f3n: 90% Algod\u00f3n.<br \/>\nPor menor desde 1 metro:<\/p>\n","protected":false},"featured_media":8638,"template":"","meta":[],"product_brand":[],"product_cat":[456,458,459,454,138,144,275],"product_tag":[391],"class_list":{"0":"post-8625","1":"product","2":"type-product","3":"status-publish","4":"has-post-thumbnail","6":"product_cat-cortinas-telas-por-uso","7":"product_cat-fundas-telas-por-uso","8":"product_cat-manteleria","9":"product_cat-telas-por-uso","10":"product_cat-telas","11":"product_cat-telas-interior","12":"product_cat-tusor-pesado","13":"product_tag-tusor-pesado","14":"pa_color-beige","15":"pa_color-gris-claro","16":"pa_color-gris-oscuro","17":"pa_color-kaki","18":"pa_color-maiz","19":"pa_color-natural","20":"pa_color-negro","21":"pa_color-rosa","22":"pa_color-verde-seco","24":"first","25":"instock","26":"shipping-taxable","27":"purchasable","28":"product-type-variable","29":"has-default-attributes"},"yoast_head":"<!-- This site is optimized with the Yoast SEO plugin v27.4 - https:\/\/yoast.com\/product\/yoast-seo-wordpress\/ -->\n<title>TUSOR PESADO - Cortinados.Com<\/title>\n<meta name=\"description\" content=\"90% Algod\u00f3n. A la vista presenta arrugas naturales y precisamente ese es su encanto. Estamos en Azcu\u00e9naga 453 Bs.As, Arg. +5411 4953-1463 \/ +5411 5248-0630\" \/>\n<meta name=\"robots\" content=\"index, follow, max-snippet:-1, max-image-preview:large, max-video-preview:-1\" \/>\n<link rel=\"canonical\" href=\"https:\/\/cortinados.com.ar\/index.php\/product\/tusor-pesado\/\" \/>\n<meta property=\"og:locale\" content=\"es_ES\" \/>\n<meta property=\"og:type\" content=\"article\" \/>\n<meta property=\"og:title\" content=\"TUSOR PESADO - Cortinados.Com\" \/>\n<meta property=\"og:description\" content=\"90% Algod\u00f3n. A la vista presenta arrugas naturales y precisamente ese es su encanto. Estamos en Azcu\u00e9naga 453 Bs.As, Arg. +5411 4953-1463 \/ +5411 5248-0630\" \/>\n<meta property=\"og:url\" content=\"https:\/\/cortinados.com.ar\/index.php\/product\/tusor-pesado\/\" \/>\n<meta property=\"og:site_name\" content=\"Cortinados.Com\" \/>\n<meta property=\"article:publisher\" content=\"https:\/\/www.facebook.com\/cortinadoscomonce\" \/>\n<meta property=\"article:modified_time\" content=\"2025-10-16T18:39:14+00:00\" \/>\n<meta property=\"og:image\" content=\"https:\/\/cortinados.com.ar\/wp-content\/uploads\/2024\/02\/tusor-pesado-natural.jpg\" \/>\n\t<meta property=\"og:image:width\" content=\"600\" \/>\n\t<meta property=\"og:image:height\" content=\"600\" \/>\n\t<meta property=\"og:image:type\" content=\"image\/jpeg\" \/>\n<meta name=\"twitter:card\" content=\"summary_large_image\" \/>\n<meta name=\"twitter:label1\" content=\"Tiempo de lectura\" \/>\n\t<meta name=\"twitter:data1\" content=\"1 minuto\" \/>\n<script type=\"application\/ld+json\" class=\"yoast-schema-graph\">{\"@context\":\"https:\\\/\\\/schema.org\",\"@graph\":[{\"@type\":\"WebPage\",\"@id\":\"https:\\\/\\\/cortinados.com.ar\\\/index.php\\\/product\\\/tusor-pesado\\\/\",\"url\":\"https:\\\/\\\/cortinados.com.ar\\\/index.php\\\/product\\\/tusor-pesado\\\/\",\"name\":\"TUSOR PESADO - Cortinados.Com\",\"isPartOf\":{\"@id\":\"https:\\\/\\\/cortinados.com.ar\\\/#website\"},\"primaryImageOfPage\":{\"@id\":\"https:\\\/\\\/cortinados.com.ar\\\/index.php\\\/product\\\/tusor-pesado\\\/#primaryimage\"},\"image\":{\"@id\":\"https:\\\/\\\/cortinados.com.ar\\\/index.php\\\/product\\\/tusor-pesado\\\/#primaryimage\"},\"thumbnailUrl\":\"https:\\\/\\\/cortinados.com.ar\\\/wp-content\\\/uploads\\\/2024\\\/02\\\/tusor-pesado-natural.jpg\",\"datePublished\":\"2024-02-05T01:07:09+00:00\",\"dateModified\":\"2025-10-16T18:39:14+00:00\",\"description\":\"90% Algod\u00f3n. A la vista presenta arrugas naturales y precisamente ese es su encanto. Estamos en Azcu\u00e9naga 453 Bs.As, Arg. +5411 4953-1463 \\\/ +5411 5248-0630\",\"breadcrumb\":{\"@id\":\"https:\\\/\\\/cortinados.com.ar\\\/index.php\\\/product\\\/tusor-pesado\\\/#breadcrumb\"},\"inLanguage\":\"es\",\"potentialAction\":[{\"@type\":\"ReadAction\",\"target\":[\"https:\\\/\\\/cortinados.com.ar\\\/index.php\\\/product\\\/tusor-pesado\\\/\"]}]},{\"@type\":\"ImageObject\",\"inLanguage\":\"es\",\"@id\":\"https:\\\/\\\/cortinados.com.ar\\\/index.php\\\/product\\\/tusor-pesado\\\/#primaryimage\",\"url\":\"https:\\\/\\\/cortinados.com.ar\\\/wp-content\\\/uploads\\\/2024\\\/02\\\/tusor-pesado-natural.jpg\",\"contentUrl\":\"https:\\\/\\\/cortinados.com.ar\\\/wp-content\\\/uploads\\\/2024\\\/02\\\/tusor-pesado-natural.jpg\",\"width\":600,\"height\":600},{\"@type\":\"BreadcrumbList\",\"@id\":\"https:\\\/\\\/cortinados.com.ar\\\/index.php\\\/product\\\/tusor-pesado\\\/#breadcrumb\",\"itemListElement\":[{\"@type\":\"ListItem\",\"position\":1,\"name\":\"Portada\",\"item\":\"https:\\\/\\\/cortinados.com.ar\\\/\"},{\"@type\":\"ListItem\",\"position\":2,\"name\":\"Tienda\",\"item\":\"https:\\\/\\\/cortinados.com.ar\\\/index.php\\\/shop-2\\\/\"},{\"@type\":\"ListItem\",\"position\":3,\"name\":\"TUSOR PESADO\"}]},{\"@type\":\"WebSite\",\"@id\":\"https:\\\/\\\/cortinados.com.ar\\\/#website\",\"url\":\"https:\\\/\\\/cortinados.com.ar\\\/\",\"name\":\"Cortinados.Com\",\"description\":\"+30 a\u00f1os de experiencia\",\"publisher\":{\"@id\":\"https:\\\/\\\/cortinados.com.ar\\\/#organization\"},\"potentialAction\":[{\"@type\":\"SearchAction\",\"target\":{\"@type\":\"EntryPoint\",\"urlTemplate\":\"https:\\\/\\\/cortinados.com.ar\\\/?s={search_term_string}\"},\"query-input\":{\"@type\":\"PropertyValueSpecification\",\"valueRequired\":true,\"valueName\":\"search_term_string\"}}],\"inLanguage\":\"es\"},{\"@type\":\"Organization\",\"@id\":\"https:\\\/\\\/cortinados.com.ar\\\/#organization\",\"name\":\"Cortinados.Com\",\"url\":\"https:\\\/\\\/cortinados.com.ar\\\/\",\"logo\":{\"@type\":\"ImageObject\",\"inLanguage\":\"es\",\"@id\":\"https:\\\/\\\/cortinados.com.ar\\\/#\\\/schema\\\/logo\\\/image\\\/\",\"url\":\"https:\\\/\\\/cortinados.com.ar\\\/wp-content\\\/uploads\\\/2024\\\/01\\\/cropped-faviconredondo.png\",\"contentUrl\":\"https:\\\/\\\/cortinados.com.ar\\\/wp-content\\\/uploads\\\/2024\\\/01\\\/cropped-faviconredondo.png\",\"width\":512,\"height\":512,\"caption\":\"Cortinados.Com\"},\"image\":{\"@id\":\"https:\\\/\\\/cortinados.com.ar\\\/#\\\/schema\\\/logo\\\/image\\\/\"},\"sameAs\":[\"https:\\\/\\\/www.facebook.com\\\/cortinadoscomonce\",\"https:\\\/\\\/www.instagram.com\\\/cortinados.comonce\"]}]}<\/script>\n<!-- \/ Yoast SEO plugin. -->","yoast_head_json":{"title":"TUSOR PESADO - Cortinados.Com","description":"90% Algod\u00f3n. A la vista presenta arrugas naturales y precisamente ese es su encanto. Estamos en Azcu\u00e9naga 453 Bs.As, Arg. +5411 4953-1463 \/ +5411 5248-0630","robots":{"index":"index","follow":"follow","max-snippet":"max-snippet:-1","max-image-preview":"max-image-preview:large","max-video-preview":"max-video-preview:-1"},"canonical":"https:\/\/cortinados.com.ar\/index.php\/product\/tusor-pesado\/","og_locale":"es_ES","og_type":"article","og_title":"TUSOR PESADO - Cortinados.Com","og_description":"90% Algod\u00f3n. A la vista presenta arrugas naturales y precisamente ese es su encanto. Estamos en Azcu\u00e9naga 453 Bs.As, Arg. +5411 4953-1463 \/ +5411 5248-0630","og_url":"https:\/\/cortinados.com.ar\/index.php\/product\/tusor-pesado\/","og_site_name":"Cortinados.Com","article_publisher":"https:\/\/www.facebook.com\/cortinadoscomonce","article_modified_time":"2025-10-16T18:39:14+00:00","og_image":[{"width":600,"height":600,"url":"https:\/\/cortinados.com.ar\/wp-content\/uploads\/2024\/02\/tusor-pesado-natural.jpg","type":"image\/jpeg"}],"twitter_card":"summary_large_image","twitter_misc":{"Tiempo de lectura":"1 minuto"},"schema":{"@context":"https:\/\/schema.org","@graph":[{"@type":"WebPage","@id":"https:\/\/cortinados.com.ar\/index.php\/product\/tusor-pesado\/","url":"https:\/\/cortinados.com.ar\/index.php\/product\/tusor-pesado\/","name":"TUSOR PESADO - Cortinados.Com","isPartOf":{"@id":"https:\/\/cortinados.com.ar\/#website"},"primaryImageOfPage":{"@id":"https:\/\/cortinados.com.ar\/index.php\/product\/tusor-pesado\/#primaryimage"},"image":{"@id":"https:\/\/cortinados.com.ar\/index.php\/product\/tusor-pesado\/#primaryimage"},"thumbnailUrl":"https:\/\/cortinados.com.ar\/wp-content\/uploads\/2024\/02\/tusor-pesado-natural.jpg","datePublished":"2024-02-05T01:07:09+00:00","dateModified":"2025-10-16T18:39:14+00:00","description":"90% Algod\u00f3n. A la vista presenta arrugas naturales y precisamente ese es su encanto. Estamos en Azcu\u00e9naga 453 Bs.As, Arg. +5411 4953-1463 \/ +5411 5248-0630","breadcrumb":{"@id":"https:\/\/cortinados.com.ar\/index.php\/product\/tusor-pesado\/#breadcrumb"},"inLanguage":"es","potentialAction":[{"@type":"ReadAction","target":["https:\/\/cortinados.com.ar\/index.php\/product\/tusor-pesado\/"]}]},{"@type":"ImageObject","inLanguage":"es","@id":"https:\/\/cortinados.com.ar\/index.php\/product\/tusor-pesado\/#primaryimage","url":"https:\/\/cortinados.com.ar\/wp-content\/uploads\/2024\/02\/tusor-pesado-natural.jpg","contentUrl":"https:\/\/cortinados.com.ar\/wp-content\/uploads\/2024\/02\/tusor-pesado-natural.jpg","width":600,"height":600},{"@type":"BreadcrumbList","@id":"https:\/\/cortinados.com.ar\/index.php\/product\/tusor-pesado\/#breadcrumb","itemListElement":[{"@type":"ListItem","position":1,"name":"Portada","item":"https:\/\/cortinados.com.ar\/"},{"@type":"ListItem","position":2,"name":"Tienda","item":"https:\/\/cortinados.com.ar\/index.php\/shop-2\/"},{"@type":"ListItem","position":3,"name":"TUSOR PESADO"}]},{"@type":"WebSite","@id":"https:\/\/cortinados.com.ar\/#website","url":"https:\/\/cortinados.com.ar\/","name":"Cortinados.Com","description":"+30 a\u00f1os de experiencia","publisher":{"@id":"https:\/\/cortinados.com.ar\/#organization"},"potentialAction":[{"@type":"SearchAction","target":{"@type":"EntryPoint","urlTemplate":"https:\/\/cortinados.com.ar\/?s={search_term_string}"},"query-input":{"@type":"PropertyValueSpecification","valueRequired":true,"valueName":"search_term_string"}}],"inLanguage":"es"},{"@type":"Organization","@id":"https:\/\/cortinados.com.ar\/#organization","name":"Cortinados.Com","url":"https:\/\/cortinados.com.ar\/","logo":{"@type":"ImageObject","inLanguage":"es","@id":"https:\/\/cortinados.com.ar\/#\/schema\/logo\/image\/","url":"https:\/\/cortinados.com.ar\/wp-content\/uploads\/2024\/01\/cropped-faviconredondo.png","contentUrl":"https:\/\/cortinados.com.ar\/wp-content\/uploads\/2024\/01\/cropped-faviconredondo.png","width":512,"height":512,"caption":"Cortinados.Com"},"image":{"@id":"https:\/\/cortinados.com.ar\/#\/schema\/logo\/image\/"},"sameAs":["https:\/\/www.facebook.com\/cortinadoscomonce","https:\/\/www.instagram.com\/cortinados.comonce"]}]}},"_links":{"self":[{"href":"https:\/\/cortinados.com.ar\/index.php\/wp-json\/wp\/v2\/product\/8625","targetHints":{"allow":["GET"]}}],"collection":[{"href":"https:\/\/cortinados.com.ar\/index.php\/wp-json\/wp\/v2\/product"}],"about":[{"href":"https:\/\/cortinados.com.ar\/index.php\/wp-json\/wp\/v2\/types\/product"}],"version-history":[{"count":2,"href":"https:\/\/cortinados.com.ar\/index.php\/wp-json\/wp\/v2\/product\/8625\/revisions"}],"predecessor-version":[{"id":10581,"href":"https:\/\/cortinados.com.ar\/index.php\/wp-json\/wp\/v2\/product\/8625\/revisions\/10581"}],"wp:featuredmedia":[{"embeddable":true,"href":"https:\/\/cortinados.com.ar\/index.php\/wp-json\/wp\/v2\/media\/8638"}],"wp:attachment":[{"href":"https:\/\/cortinados.com.ar\/index.php\/wp-json\/wp\/v2\/media?parent=8625"}],"wp:term":[{"taxonomy":"product_brand","embeddable":true,"href":"https:\/\/cortinados.com.ar\/index.php\/wp-json\/wp\/v2\/product_brand?post=8625"},{"taxonomy":"product_cat","embeddable":true,"href":"https:\/\/cortinados.com.ar\/index.php\/wp-json\/wp\/v2\/product_cat?post=8625"},{"taxonomy":"product_tag","embeddable":true,"href":"https:\/\/cortinados.com.ar\/index.php\/wp-json\/wp\/v2\/product_tag?post=8625"}],"curies":[{"name":"wp","href":"https:\/\/api.w.org\/{rel}","templated":true}]}}